49020749
List the prime factors of 73014401.
269, 271429
List the prime factors of 30289401.
3, 19, 177131
What are the prime factors of 2007045525?
3, 5, 19, 1408453
What are the prime factors of 26095307?
7, 307, 12143
What are the prime factors of 278833336?
2, 109, 319763
List the prime factors of 277802362.
2, 53, 173, 15149
List the prime factors of 118524405.
3, 5, 23, 503, 683
List the prime factors of 1081702852.
2, 3659, 73907
What are the prime factors of 56511785?
5, 11, 1027487
List the prime factors of 149842057.
43, 461, 7559
List the prime factors of 230085347.
179, 1285393
What are the prime factors of 232972147?
2377, 98011
List the prime factors of 6816268.
2, 1704067
What are the prime factors of 70607536?
2, 47, 93893
List the prime factors of 768311490.
2, 3, 5, 25610383
List the prime factors of 2292129702.
2, 3, 2999, 42461
List the prime factors of 1961563692.
2, 3, 11, 14860331
List the prime factors of 1871850026.
2, 61, 15343033
What are the prime factors of 20581020?
2, 3, 5, 38113
List the prime factors of 111077559.
3, 53, 337, 691
What are the prime factors of 109611493?
109611493
List the prime factors of 2400440770.
2, 5, 7, 13, 23, 114689
What are the prime factors of 662740477?
7, 94677211
What are the prime factors of 4916628564?
2, 3, 29, 709, 19927
List the prime factors of 3216799140.
2, 3, 5, 53613319
What are the prime factors of 100354996?
2, 7, 3584107
What are the prime factors of 589421316?
2, 3, 11, 1483, 3011
What are the prime factors of 3890470467?
3, 13, 99755653
List the prime factors of 1779368565.
3, 5, 13, 9124967
List the prime factors of 1150291018.
2, 10151, 56659
List the prime factors of 2729232677.
73, 739, 50591
What are the prime factors of 70682864?
2, 7, 23, 1193
What are the prime factors of 8694466348?
2, 19, 23, 367, 13553
List the prime factors of 54380106.
2, 3, 11, 83, 1103
List the prime factors of 184451368.
2, 29, 263, 3023
List the prime factors of 423117411.
3, 61, 467, 4951
What are the prime factors of 3572379935?
5, 29, 53, 173, 2687
What are the prime factors of 324475053?
3, 7, 23, 671791
List the prime factors of 579959027.
71, 8168437
What are the prime factors of 47636997?
3, 353, 44983
List the prime factors of 739864138.
2, 13, 23, 1237231
List the prime factors of 1081582470.
2, 3, 5, 1335287
What are the prime factors of 1179243028?
2, 23, 12817859
List the prime factors of 90754655.
5, 97, 187123
What are the prime factors of 709452023?
7, 37, 317, 8641
What are the prime factors of 2709738760?
2, 5, 67743469
What are the prime factors of 55305303?
3, 18435101
List the prime factors of 157153215.
3, 5, 53, 197677
What are the prime factors of 158715113?
19, 8353427
List the prime factors of 2060589635.
5, 13, 17, 29, 64303
What are the prime factors of 218815533?
3, 19, 426541
What are the prime factors of 58624790?
2, 5, 7, 837497
What are the prime factors of 2401969?
2401969
List the prime factors of 294780603.
3, 13, 7558477
List the prime factors of 63470417.
79, 131, 6133
List the prime factors of 186820811.
101, 1849711
What are the prime factors of 29407087?
23, 149, 8581
What are the prime factors of 52335240?
2, 3, 5, 436127
List the prime factors of 148198909.
397, 373297
What are the prime factors of 575065120?
2, 5, 7, 17, 30203
List the prime factors of 3481435.
5, 83, 8389
List the prime factors of 558163875.
3, 5, 101, 14737
What are the prime factors of 1732752294?
2, 3, 7, 13, 3173539
What are the prime factors of 303590470?
2, 5, 547, 55501
List the prime factors of 570519654.
2, 3, 95086609
What are the prime factors of 1057883?
1057883
List the prime factors of 42854220.
2, 3, 5, 238079
List the prime factors of 148845049.
379, 433, 907
List the prime factors of 1126604.
2, 281651
What are the prime factors of 397249504?
2, 12414047
List the prime factors of 181514816.
2, 7, 57881
List the prime factors of 147096475.
5, 281, 20939
What are the prime factors of 4125548546?
2, 7, 19, 3259, 4759
What are the prime factors of 15708287?
7, 23, 43, 2269
List the prime factors of 1753238394.
2, 3, 653, 149161
What are the prime factors of 15742719?
3, 1749191
List the prime factors of 40918201.
17, 137, 17569
What are the prime factors of 16800227?
103, 163109
List the prime factors of 186117172.
2, 46529293
What are the prime factors of 1019025972?
2, 3, 41, 690397
What are the prime factors of 520445292?
2, 3, 43370441
What are the prime factors of 56253713?
56253713
List the prime factors of 70680040.
2, 5, 1767001
What are the prime factors of 1068174127?
37, 2179, 13249
List the prime factors of 42219792.
2, 3, 10859
What are the prime factors of 156551201?
73, 2144537
What are the prime factors of 3610381555?
5, 11, 65643301
What are the prime factors of 56538655?
5, 307, 36833
List the prime factors of 595887334.
2, 7, 769, 7907
List the prime factors of 160145612.
2, 11, 71, 51263
What are the prime factors of 1572079877?
23, 68351299
List the prime factors of 5755780800.
2, 3, 5, 7, 11, 29, 179
List the prime factors of 1434018188.
2, 1847, 194101
List the prime factors of 96586124.
2, 29, 832639
List the prime factors of 159725121.
3, 53241707
What are the prime factors of 1370480295?
3, 5, 89, 1026577
What are the prime factors of 37298659?
37298659
List the prime factors of 67692899.
67692899
What are the prime factors of 911455?
5, 17, 10723
List the prime factors of 790742335.
5, 17, 47, 197933
List the prime factors of 877525108.
2, 17, 19, 419, 1621
What are the prime factors of 299502024?
2, 3, 29, 430319
List the prime factors of 580722912.
2, 3, 7, 11, 29, 43
List the prime factors of 1485552325.
5, 179, 331967
What are the prime factors of 4394102010?
2, 3, 5, 367, 399101
List the prime factors of 582218219.
11, 52928929
List the prime factors of 3021937654.
2, 1510968827
What are the prime factors of 56078768?
2, 3504923
List the prime factors of 10985602.
2, 5492801
What are the prime factors of 13942923?
3, 599, 7759
List the prime factors of 121764562.
2, 29, 43, 48823
What are the prime factors of 169877282?
2, 103, 824647
List the prime factors of 86941738.
2, 13, 1013, 3301
What are the prime factors of 137490570?
2, 3, 5, 7, 31177
What are the prime factors of 2668817764?
2, 667204441
List the prime factors of 1290801532.
2, 89, 1249, 2903
List the prime factors of 448713928.
2, 13, 331889
What are the prime factors of 327272780?
2, 5, 17, 157, 6131
List the prime factors of 112403504.
2, 7025219
List the prime factors of 1982414546.
2, 7, 197, 503, 1429
What are the prime factors of 260162084?
2, 7, 13, 17, 42043
What are the prime factors of 1111257228?
2, 3, 3727, 24847
What are the prime factors of 338572048?
2, 293, 72221
List the prime factors of 128045364.
2, 3, 331, 32237
List the prime factors of 118124309.
118124309
What are the prime factors of 3126116217?
3, 7, 41, 47, 67, 1153
List the prime factors of 53960750.
2, 5, 215843
What are the prime factors of 125495164?
2, 107, 293213
What are the prime factors of 462761553?
3, 37, 1889, 2207
What are the prime factors of 434060298?
2, 3, 7, 89, 38707
What are the prime factors of 882721472?
2, 41, 336403
What are the prime factors of 201758360?
2, 5, 5043959
List the prime factors of 22201537.
107, 207491
List the prime factors of 324498957.
3, 1987, 54437
What are the prime factors of 405235098?
2, 3, 2609, 8629
List the prime factors of 39832469.
103, 386723
List the prime factors of 2626533653.
2626533653
What are the prime factors of 202009865?
5, 40401973
List the prime factors of 1561515877.
157, 9945961
What are the prime factors of 1058897060?
2, 5, 13, 181, 22501
What are the prime factors of 15718464?
2, 3, 29, 941
What are the prime factors of 187509561?
3, 89, 702283
List the prime factors of 1985513426.
2, 13, 1867, 40903
What are the prime factors of 324437136?
2, 3, 6759107
List the prime factors of 1230031431.
3, 4001, 34159
What are the prime factors of 573227328?
2, 3, 701, 4259
What are the prime factors of 915205454?
2, 107, 4276661
What are the prime factors of 8182112727?
3, 151, 4229, 4271
What are the prime factors of 98877375?
3, 5, 29297
What are the prime factors of 2291284411?
13, 59, 107, 27919
List the prime factors of 59